 composite number?
False
Is 1339104449 a prime number?
True
Is 1016124091 a prime number?
False
Is 13799013533 a composite number?
False
Is 36346250471 composite?
True
Is 70104460273 prime?
True
Is 19400428661 a composite number?
False
Is 32388112661 a composite number?
False
Is 2724854141 composite?
False
Is 398946181 prime?
True
Is 260056037 a prime number?
True
Is 6486736171 a composite number?
False
Is 56621815949 a composite number?
False
Is 4363549501 composite?
False
Is 2477301859 prime?
True
Is 3020789467 composite?
False
Is 346573651 a composite number?
False
Is 143692165823 prime?
True
Is 60615293 a prime number?
True
Is 514175113 prime?
False
Is 5970608591 a composite number?
False
Is 1294848391 composite?
False
Is 376856707 prime?
False
Is 5946859697 prime?
True
Is 75193247 prime?
True
Is 98955281729 a composite number?
True
Is 337901884477 a composite number?
False
Is 771610943 a prime number?
False
Is 1182380767 a composite number?
True
Is 1513976483 a prime number?
False
Is 18928824491 composite?
False
Is 519141633 composite?
True
Is 1165421681 prime?
False
Is 34632239919 prime?
False
Is 143955121 a composite number?
True
Is 37242557141 composite?
True
Is 100590498989 prime?
False
Is 6019012073 a prime number?
True
Is 38577042611 a composite number?
False
Is 1059480623 composite?
False
Is 10323979681 a prime number?
False
Is 11772963803 a composite number?
False
Is 86964430523 composite?
False
Is 4528998013 a prime number?
True
Is 19913260799 a composite number?
False
Is 49830281 a prime number?
False
Is 1189246837 prime?
True
Is 27193581181 prime?
False
Is 6716140183 a composite number?
True
Is 87406954657 a prime number?
False
Is 135171427 prime?
False
Is 965621183 prime?
False
Is 13542275081 prime?
False
Is 3022770169 prime?
True
Is 3300369481 composite?
True
Is 238424302867 a prime number?
False
Is 52181557906 prime?
False
Is 40054002323 composite?
True
Is 2392204279 composite?
False
Is 69791926063 prime?
True
Is 17835556181 a prime number?
True
Is 8919883803 a prime number?
False
Is 12474390239 composite?
True
Is 173709677 a prime number?
True
Is 3347218243 composite?
True
Is 3222805727 a prime number?
True
Is 918483143 prime?
True
Is 60669385411 prime?
False
Is 665051687 composite?
False
Is 181987457 prime?
True
Is 4283312609 composite?
True
Is 5232270907 a composite number?
False
Is 151475049083 a prime number?
True
Is 4698744217 a prime number?
False
Is 10626683534 prime?
False
Is 3880833823 composite?
False
Is 16543991 prime?
False
Is 7556717267 composite?
True
Is 931855181 a prime number?
False
Is 100058155657 a composite number?
False
Is 1160195551 a prime number?
True
Is 46921079 a prime number?
True
Is 4405080671 composite?
False
Is 431583329 a composite number?
True
Is 3720366911 composite?
False
Is 18819917 a prime number?
True
Is 150715991 composite?
False
Is 767107963 a composite number?
False
Is 57517451 a prime number?
False
Is 9261775799 composite?
False
Is 566293967 a prime number?
False
Is 229963033 prime?
False
Is 10623948749 prime?
False
Is 24686302301 composite?
False
Is 162555209 a prime number?
True
Is 37878148493 a composite number?
True
Is 787387763 composite?
True
Is 134242067 a prime number?
True
Is 3397124999 a composite number?
False
Is 747940331 a prime number?
True
Is 7757791603 prime?
True
Is 2221069762 prime?
False
Is 322759097 composite?
False
Is 7157759701 composite?
True
Is 1017435434 prime?
False
Is 1984470869 composite?
False
Is 349845779 a prime number?
True
Is 1128084557 a composite number?
False
Is 5130521603 composite?
False
Is 451008373 composite?
False
Is 4074409562 a prime number?
False
Is 55085384093 prime?
True
Is 16750855543 prime?
False
Is 29001433819 a composite number?
False
Is 161010072677 a composite number?
False
Is 1072854281 a composite number?
False
Is 647548053 composite?
True
Is 2812491023 prime?
True
Is 16770578683 a composite number?
False
Is 54764371649 composite?
True
Is 39854939 prime?
False
Is 112704497 a composite number?
False
Is 946945393 composite?
False
Is 2171438069 prime?
False
Is 304996477 composite?
False
Is 3152848247 composite?
True
Is 1832644417 a prime number?
False
Is 4741851823 composite?
False
Is 105340712401 a prime number?
True
Is 404918431 a composite number?
False
Is 12414378607 a prime number?
False
Is 2286193109 composite?
False
Is 23034510391 a prime number?
False
Is 5218440679 a prime number?
False
Is 1349638933 a composite number?
True
Is 50113170211 a composite number?
True
Is 358964323 a composite number?
True
Is 59340052771 prime?
True
Is 33646912363 a prime number?
False
Is 16399602235 a prime number?
False
Is 2301955637 a composite number?
False
Is 33124979201 prime?
False
Is 146266325237 prime?
False
Is 8933645297 composite?
False
Is 1701000317 composite?
False
Is 14240435519 a composite number?
False
Is 327859111 prime?
False
Is 31963078379 a prime number?
False
Is 539818577 a prime number?
False
Is 68788958527 composite?
True
Is 47054691997 prime?
True
Is 776471587 a prime number?
True
Is 4817347778 a composite number?
True
Is 1780485481 composite?
True
Is 926829623 a composite number?
True
Is 1563814653 a composite number?
True
Is 4300532003 a composite number?
True
Is 67232479 a prime number?
True
Is 18941205011 prime?
True
Is 1495091189 a composite number?
False
Is 31177577 a composite number?
False
Is 1755809378 prime?
False
Is 93664163 prime?
True
Is 13010211381 prime?
False
Is 46144808141 prime?
True
Is 370954121 composite?
True
Is 2103028198 a prime number?
False
Is 3782718691 prime?
True
Is 3011595151 a composite number?
True
Is 19709690041 a composite number?
False
Is 1861942241 composite?
False
Is 17188679881 composite?
False
Is 6400281817 a composite number?
True
Is 2798254247 composite?
True
Is 16045535729 composite?
False
Is 107789219 composite?
False
Is 646847051 prime?
True
Is 3255080791 a composite number?
False
Is 1805088713 prime?
False
Is 9744779249 prime?
False
Is 246497418179 prime?
True
Is 12877723909 a composite number?
True
Is 22358528653 prime?
False
Is 362989733 prime?
True
Is 394085801 a prime number?
True
Is 2873250293 a prime number?
True
Is 727816429 a prime number?
True
Is 163869576173 composite?
False
Is 153536429 composite?
False
Is 789952723 composite?
True
Is 15478543919 a composite number?
False
Is 1313434723 composite?
True
Is 170542551583 composite?
True
Is 53502875857 prime?
True
Is 4484324473 a prime number?
False
Is 36385694941 prime?
False
Is 1691673283 prime?
False
Is 75429560639 a prime number?
False
Is 23001986647 composite?
True
Is 269105059 a composite number?
True
Is 9067067899 prime?
False
Is 1207951873 a prime number?
True
Is 1779616837 composite?
True
Is 106606401823 composite?
True
Is 78917701 a prime number?
False
Is 1470446767 composite?
True
Is 17581522433 prime?
False
Is 265655177 composite?
False
Is 851196277 prime?
True
Is 266448557 prime?
True
Is 3873820553 prime?
False
Is 257632273 composite?
False
Is 19561145257 a composite number?
False
Is 4487730697 prime?
False
Is 5671772273 a prime number?
False
Is 7598044631 composite?
True
Is 14201776531 composite?
False
Is 37942645159 prime?
False
Is 1382223613 prime?
True
Is 5242316273 prime?
False
Is 246080101 a composite number?
False
Is 1085304629 prime?
False
Is 22469050831 a composite number?
True
Is 125172139837 prime?
True
Is 2627314226 a prime number?
False
Is 4206450367 a prime number?
False
Is 5616125309 a composite number?
False
Is 3013201171 prime?
False
Is 320293783 a prime number?
False
Is 2987667143 composite?
False
Is 209662069 prime?
False
Is 11929605019 prime?
False
Is 25623723441 a prime number?
False
Is 1424090671 prime?
False
Is 241052171 prime?
False
Is 154365867527 prime?
True
Is 15242219 a composite number?
True
Is 8971787411 a composite number?
False
Is 8244674519 composite?
True
Is 20173817 a composite number?
True
Is 1360241117 a composite number?
False
Is 45379205429 prime?
True
Is 6898961203 a composite number?
False
Is 6429461485 a prime number?
False
Is 1800033979 a prime number?
False
Is 510460817 a composite number?
False
Is 397820123 a composite number?
False
Is 238439834 composite?
True
Is 15818747003 prime?
False
Is 565425941 a composite number?
True
Is 66428269 prime?
True
Is 2066246555